[INFO] fetching crate bst 0.0.1...
[INFO] building bst-0.0.1 against master#881c1ac408d93bb7adaa3a51dabab9266e82eee8 for issue-85264
[INFO] extracting crate bst 0.0.1 into /workspace/builds/worker-6/source
[INFO] validating manifest of crates.io crate bst 0.0.1 on toolchain 881c1ac408d93bb7adaa3a51dabab9266e82eee8
[INFO] running `Command { std: "/workspace/cargo-home/bin/cargo" "+881c1ac408d93bb7adaa3a51dabab9266e82eee8" "metadata" "--manifest-path" "Cargo.toml" "--no-deps", kill_on_drop: false }`
[INFO] started tweaking crates.io crate bst 0.0.1
[INFO] finished tweaking crates.io crate bst 0.0.1
[INFO] tweaked toml for crates.io crate bst 0.0.1 written to /workspace/builds/worker-6/source/Cargo.toml
[INFO] running `Command { std: "/workspace/cargo-home/bin/cargo" "+881c1ac408d93bb7adaa3a51dabab9266e82eee8" "generate-lockfile" "--manifest-path" "Cargo.toml" "-Zno-index-update", kill_on_drop: false }`
[INFO] running `Command { std: "/workspace/cargo-home/bin/cargo" "+881c1ac408d93bb7adaa3a51dabab9266e82eee8" "fetch" "--manifest-path" "Cargo.toml", kill_on_drop: false }`
[INFO] [stderr] warning: dependency (ordered_iter) specified without providing a local path, Git repository, or version to use. This will be considered an error in future versions
[INFO] [stderr]  Downloading crates ...
[INFO] [stderr]   Downloaded ordered_iter v0.1.2
[INFO] running `Command { std: "docker" "create" "-v" "/var/lib/crater-agent-workspace/builds/worker-6/target:/opt/rustwide/target:rw,Z" "-v" "/var/lib/crater-agent-workspace/builds/worker-6/source:/opt/rustwide/workdir:ro,Z" "-v" "/var/lib/crater-agent-workspace/cargo-home:/opt/rustwide/cargo-home:ro,Z" "-v" "/var/lib/crater-agent-workspace/rustup-home:/opt/rustwide/rustup-home:ro,Z" "-e" "SOURCE_DIR=/opt/rustwide/workdir" "-e" "CARGO_TARGET_DIR=/opt/rustwide/target" "-e" "CARGO_HOME=/opt/rustwide/cargo-home" "-e" "RUSTUP_HOME=/opt/rustwide/rustup-home" "-w" "/opt/rustwide/workdir" "-m" "1610612736" "--user" "0:0" "--network" "none" "ghcr.io/rust-lang/crates-build-env/linux@sha256:20528e8c29e4536546f0102ce88568b16ea7538393a33fcca951030f7af10457" "/opt/rustwide/cargo-home/bin/cargo" "+881c1ac408d93bb7adaa3a51dabab9266e82eee8" "metadata" "--no-deps" "--format-version=1", kill_on_drop: false }`
[INFO] [stdout] 46d55eb088efe2c49f97116caf70fa24092a0437213d95411592b936b6e53381
[INFO] [stderr] WARNING: Your kernel does not support swap limit capabilities or the cgroup is not mounted. Memory limited without swap.
[INFO] running `Command { std: "docker" "start" "-a" "46d55eb088efe2c49f97116caf70fa24092a0437213d95411592b936b6e53381", kill_on_drop: false }`
[INFO] running `Command { std: "docker" "inspect" "46d55eb088efe2c49f97116caf70fa24092a0437213d95411592b936b6e53381", kill_on_drop: false }`
[INFO] running `Command { std: "docker" "rm" "-f" "46d55eb088efe2c49f97116caf70fa24092a0437213d95411592b936b6e53381", kill_on_drop: false }`
[INFO] [stdout] 46d55eb088efe2c49f97116caf70fa24092a0437213d95411592b936b6e53381
[INFO] running `Command { std: "docker" "create" "-v" "/var/lib/crater-agent-workspace/builds/worker-6/target:/opt/rustwide/target:rw,Z" "-v" "/var/lib/crater-agent-workspace/builds/worker-6/source:/opt/rustwide/workdir:ro,Z" "-v" "/var/lib/crater-agent-workspace/cargo-home:/opt/rustwide/cargo-home:ro,Z" "-v" "/var/lib/crater-agent-workspace/rustup-home:/opt/rustwide/rustup-home:ro,Z" "-e" "SOURCE_DIR=/opt/rustwide/workdir" "-e" "CARGO_TARGET_DIR=/opt/rustwide/target" "-e" "CARGO_INCREMENTAL=0" "-e" "RUST_BACKTRACE=full" "-e" "RUSTFLAGS=--cap-lints=forbid" "-e" "CARGO_HOME=/opt/rustwide/cargo-home" "-e" "RUSTUP_HOME=/opt/rustwide/rustup-home" "-w" "/opt/rustwide/workdir" "-m" "1610612736" "--user" "0:0" "--network" "none" "ghcr.io/rust-lang/crates-build-env/linux@sha256:20528e8c29e4536546f0102ce88568b16ea7538393a33fcca951030f7af10457" "/opt/rustwide/cargo-home/bin/cargo" "+881c1ac408d93bb7adaa3a51dabab9266e82eee8" "build" "--frozen" "--message-format=json", kill_on_drop: false }`
[INFO] [stdout] 7b1ea02da483ed71140dac488aa5a6559096e191656a5e84aada4a9d5ec1095c
[INFO] [stderr] WARNING: Your kernel does not support swap limit capabilities or the cgroup is not mounted. Memory limited without swap.
[INFO] running `Command { std: "docker" "start" "-a" "7b1ea02da483ed71140dac488aa5a6559096e191656a5e84aada4a9d5ec1095c", kill_on_drop: false }`
[INFO] [stderr] warning: dependency (ordered_iter) specified without providing a local path, Git repository, or version to use. This will be considered an error in future versions
[INFO] [stderr]    Compiling bit-vec v0.6.3
[INFO] [stderr]    Compiling compare v0.1.0
[INFO] [stderr]    Compiling bit-set v0.5.2
[INFO] [stderr]    Compiling ordered_iter v0.1.2
[INFO] [stderr]    Compiling bst v0.0.1 (/opt/rustwide/workdir)
[INFO] [stdout] error: malformed `unstable` attribute input
[INFO] [stdout]    --> src/map.rs:200:5
[INFO] [stdout]     |
[INFO] [stdout] 200 |     #[unstable = "matches collection reform specification, waiting for dust to settle"]
[INFO] [stdout]     |     ^^^^^^^^^^^^^^^^^^^^^^^^^^^^^^^^^^^^^^^^^^^^^^^^^^^^^^^^^^^^^^^^^^^^^^^^^^^^^^^^^^^ help: must be of the form: `#[unstable(feature = "name", reason = "...", issue = "N")]`
[INFO] [stdout] 
[INFO] [stdout] 
[INFO] [stdout] error: malformed `unstable` attribute input
[INFO] [stdout]    --> src/map.rs:229:5
[INFO] [stdout]     |
[INFO] [stdout] 229 |     #[unstable = "matches collection reform specification, waiting for dust to settle"]
[INFO] [stdout]     |     ^^^^^^^^^^^^^^^^^^^^^^^^^^^^^^^^^^^^^^^^^^^^^^^^^^^^^^^^^^^^^^^^^^^^^^^^^^^^^^^^^^^ help: must be of the form: `#[unstable(feature = "name", reason = "...", issue = "N")]`
[INFO] [stdout] 
[INFO] [stdout] 
[INFO] [stdout] error: malformed `unstable` attribute input
[INFO] [stdout]    --> src/map.rs:254:5
[INFO] [stdout]     |
[INFO] [stdout] 254 |     #[unstable = "matches collection reform specification, waiting for dust to settle"]
[INFO] [stdout]     |     ^^^^^^^^^^^^^^^^^^^^^^^^^^^^^^^^^^^^^^^^^^^^^^^^^^^^^^^^^^^^^^^^^^^^^^^^^^^^^^^^^^^ help: must be of the form: `#[unstable(feature = "name", reason = "...", issue = "N")]`
[INFO] [stdout] 
[INFO] [stdout] 
[INFO] [stdout] error: malformed `unstable` attribute input
[INFO] [stdout]    --> src/map.rs:278:5
[INFO] [stdout]     |
[INFO] [stdout] 278 |     #[unstable = "matches collection reform specification, waiting for dust to settle"]
[INFO] [stdout]     |     ^^^^^^^^^^^^^^^^^^^^^^^^^^^^^^^^^^^^^^^^^^^^^^^^^^^^^^^^^^^^^^^^^^^^^^^^^^^^^^^^^^^ help: must be of the form: `#[unstable(feature = "name", reason = "...", issue = "N")]`
[INFO] [stdout] 
[INFO] [stdout] 
[INFO] [stdout] error: malformed `unstable` attribute input
[INFO] [stdout]    --> src/map.rs:330:5
[INFO] [stdout]     |
[INFO] [stdout] 330 |     #[unstable = "matches collection reform specification, waiting for dust to settle"]
[INFO] [stdout]     |     ^^^^^^^^^^^^^^^^^^^^^^^^^^^^^^^^^^^^^^^^^^^^^^^^^^^^^^^^^^^^^^^^^^^^^^^^^^^^^^^^^^^ help: must be of the form: `#[unstable(feature = "name", reason = "...", issue = "N")]`
[INFO] [stdout] 
[INFO] [stdout] 
[INFO] [stdout] error: malformed `unstable` attribute input
[INFO] [stdout]    --> src/map.rs:381:5
[INFO] [stdout]     |
[INFO] [stdout] 381 |     #[unstable = "matches collection reform specification, waiting for dust to settle"]
[INFO] [stdout]     |     ^^^^^^^^^^^^^^^^^^^^^^^^^^^^^^^^^^^^^^^^^^^^^^^^^^^^^^^^^^^^^^^^^^^^^^^^^^^^^^^^^^^ help: must be of the form: `#[unstable(feature = "name", reason = "...", issue = "N")]`
[INFO] [stdout] 
[INFO] [stdout] 
[INFO] [stdout] error: malformed `unstable` attribute input
[INFO] [stdout]    --> src/map.rs:406:5
[INFO] [stdout]     |
[INFO] [stdout] 406 |     #[unstable = "matches collection reform specification, waiting for dust to settle"]
[INFO] [stdout]     |     ^^^^^^^^^^^^^^^^^^^^^^^^^^^^^^^^^^^^^^^^^^^^^^^^^^^^^^^^^^^^^^^^^^^^^^^^^^^^^^^^^^^ help: must be of the form: `#[unstable(feature = "name", reason = "...", issue = "N")]`
[INFO] [stdout] 
[INFO] [stdout] 
[INFO] [stdout] error: malformed `unstable` attribute input
[INFO] [stdout]    --> src/map.rs:421:5
[INFO] [stdout]     |
[INFO] [stdout] 421 |     #[unstable = "matches collection reform specification, waiting for dust to settle"]
[INFO] [stdout]     |     ^^^^^^^^^^^^^^^^^^^^^^^^^^^^^^^^^^^^^^^^^^^^^^^^^^^^^^^^^^^^^^^^^^^^^^^^^^^^^^^^^^^ help: must be of the form: `#[unstable(feature = "name", reason = "...", issue = "N")]`
[INFO] [stdout] 
[INFO] [stdout] 
[INFO] [stdout] error: malformed `unstable` attribute input
[INFO] [stdout]    --> src/map.rs:437:5
[INFO] [stdout]     |
[INFO] [stdout] 437 |     #[unstable = "matches collection reform specification, waiting for dust to settle"]
[INFO] [stdout]     |     ^^^^^^^^^^^^^^^^^^^^^^^^^^^^^^^^^^^^^^^^^^^^^^^^^^^^^^^^^^^^^^^^^^^^^^^^^^^^^^^^^^^ help: must be of the form: `#[unstable(feature = "name", reason = "...", issue = "N")]`
[INFO] [stdout] 
[INFO] [stdout] 
[INFO] [stdout] error: malformed `unstable` attribute input
[INFO] [stdout]    --> src/map.rs:459:5
[INFO] [stdout]     |
[INFO] [stdout] 459 |     #[unstable = "matches collection reform specification, waiting for dust to settle"]
[INFO] [stdout]     |     ^^^^^^^^^^^^^^^^^^^^^^^^^^^^^^^^^^^^^^^^^^^^^^^^^^^^^^^^^^^^^^^^^^^^^^^^^^^^^^^^^^^ help: must be of the form: `#[unstable(feature = "name", reason = "...", issue = "N")]`
[INFO] [stdout] 
[INFO] [stdout] 
[INFO] [stdout] error: malformed `unstable` attribute input
[INFO] [stdout]    --> src/map.rs:488:5
[INFO] [stdout]     |
[INFO] [stdout] 488 |     #[unstable = "matches collection reform specification, waiting for dust to settle"]
[INFO] [stdout]     |     ^^^^^^^^^^^^^^^^^^^^^^^^^^^^^^^^^^^^^^^^^^^^^^^^^^^^^^^^^^^^^^^^^^^^^^^^^^^^^^^^^^^ help: must be of the form: `#[unstable(feature = "name", reason = "...", issue = "N")]`
[INFO] [stdout] 
[INFO] [stdout] 
[INFO] [stdout] error: malformed `unstable` attribute input
[INFO] [stdout]    --> src/map.rs:514:5
[INFO] [stdout]     |
[INFO] [stdout] 514 |     #[unstable = "matches collection reform specification, waiting for dust to settle"]
[INFO] [stdout]     |     ^^^^^^^^^^^^^^^^^^^^^^^^^^^^^^^^^^^^^^^^^^^^^^^^^^^^^^^^^^^^^^^^^^^^^^^^^^^^^^^^^^^ help: must be of the form: `#[unstable(feature = "name", reason = "...", issue = "N")]`
[INFO] [stdout] 
[INFO] [stdout] 
[INFO] [stdout] error: malformed `unstable` attribute input
[INFO] [stdout]    --> src/map.rs:543:5
[INFO] [stdout]     |
[INFO] [stdout] 543 |     #[unstable = "matches collection reform specification, waiting for dust to settle"]
[INFO] [stdout]     |     ^^^^^^^^^^^^^^^^^^^^^^^^^^^^^^^^^^^^^^^^^^^^^^^^^^^^^^^^^^^^^^^^^^^^^^^^^^^^^^^^^^^ help: must be of the form: `#[unstable(feature = "name", reason = "...", issue = "N")]`
[INFO] [stdout] 
[INFO] [stdout] 
[INFO] [stdout] error: malformed `unstable` attribute input
[INFO] [stdout]    --> src/map.rs:566:5
[INFO] [stdout]     |
[INFO] [stdout] 566 |     #[unstable = "matches collection reform specification, waiting for dust to settle"]
[INFO] [stdout]     |     ^^^^^^^^^^^^^^^^^^^^^^^^^^^^^^^^^^^^^^^^^^^^^^^^^^^^^^^^^^^^^^^^^^^^^^^^^^^^^^^^^^^ help: must be of the form: `#[unstable(feature = "name", reason = "...", issue = "N")]`
[INFO] [stdout] 
[INFO] [stdout] 
[INFO] [stdout] error: malformed `unstable` attribute input
[INFO] [stdout]    --> src/set.rs:134:5
[INFO] [stdout]     |
[INFO] [stdout] 134 |     #[unstable = "matches collection reform specification, waiting for dust to settle"]
[INFO] [stdout]     |     ^^^^^^^^^^^^^^^^^^^^^^^^^^^^^^^^^^^^^^^^^^^^^^^^^^^^^^^^^^^^^^^^^^^^^^^^^^^^^^^^^^^ help: must be of the form: `#[unstable(feature = "name", reason = "...", issue = "N")]`
[INFO] [stdout] 
[INFO] [stdout] 
[INFO] [stdout] error: malformed `unstable` attribute input
[INFO] [stdout]    --> src/set.rs:161:5
[INFO] [stdout]     |
[INFO] [stdout] 161 |     #[unstable = "matches collection reform specification, waiting for dust to settle"]
[INFO] [stdout]     |     ^^^^^^^^^^^^^^^^^^^^^^^^^^^^^^^^^^^^^^^^^^^^^^^^^^^^^^^^^^^^^^^^^^^^^^^^^^^^^^^^^^^ help: must be of the form: `#[unstable(feature = "name", reason = "...", issue = "N")]`
[INFO] [stdout] 
[INFO] [stdout] 
[INFO] [stdout] error: malformed `unstable` attribute input
[INFO] [stdout]    --> src/set.rs:198:5
[INFO] [stdout]     |
[INFO] [stdout] 198 |     #[unstable = "matches collection reform specification, waiting for dust to settle"]
[INFO] [stdout]     |     ^^^^^^^^^^^^^^^^^^^^^^^^^^^^^^^^^^^^^^^^^^^^^^^^^^^^^^^^^^^^^^^^^^^^^^^^^^^^^^^^^^^ help: must be of the form: `#[unstable(feature = "name", reason = "...", issue = "N")]`
[INFO] [stdout] 
[INFO] [stdout] 
[INFO] [stdout] error: malformed `unstable` attribute input
[INFO] [stdout]    --> src/set.rs:266:5
[INFO] [stdout]     |
[INFO] [stdout] 266 |     #[unstable = "matches collection reform specification, waiting for dust to settle"]
[INFO] [stdout]     |     ^^^^^^^^^^^^^^^^^^^^^^^^^^^^^^^^^^^^^^^^^^^^^^^^^^^^^^^^^^^^^^^^^^^^^^^^^^^^^^^^^^^ help: must be of the form: `#[unstable(feature = "name", reason = "...", issue = "N")]`
[INFO] [stdout] 
[INFO] [stdout] 
[INFO] [stdout] error: malformed `unstable` attribute input
[INFO] [stdout]    --> src/set.rs:298:5
[INFO] [stdout]     |
[INFO] [stdout] 298 |     #[unstable = "matches collection reform specification, waiting for dust to settle"]
[INFO] [stdout]     |     ^^^^^^^^^^^^^^^^^^^^^^^^^^^^^^^^^^^^^^^^^^^^^^^^^^^^^^^^^^^^^^^^^^^^^^^^^^^^^^^^^^^ help: must be of the form: `#[unstable(feature = "name", reason = "...", issue = "N")]`
[INFO] [stdout] 
[INFO] [stdout] 
[INFO] [stdout] error: malformed `unstable` attribute input
[INFO] [stdout]    --> src/set.rs:327:5
[INFO] [stdout]     |
[INFO] [stdout] 327 |     #[unstable = "matches collection reform specification, waiting for dust to settle"]
[INFO] [stdout]     |     ^^^^^^^^^^^^^^^^^^^^^^^^^^^^^^^^^^^^^^^^^^^^^^^^^^^^^^^^^^^^^^^^^^^^^^^^^^^^^^^^^^^ help: must be of the form: `#[unstable(feature = "name", reason = "...", issue = "N")]`
[INFO] [stdout] 
[INFO] [stdout] 
[INFO] [stdout] error: malformed `unstable` attribute input
[INFO] [stdout]    --> src/set.rs:356:5
[INFO] [stdout]     |
[INFO] [stdout] 356 |     #[unstable = "matches collection reform specification, waiting for dust to settle"]
[INFO] [stdout]     |     ^^^^^^^^^^^^^^^^^^^^^^^^^^^^^^^^^^^^^^^^^^^^^^^^^^^^^^^^^^^^^^^^^^^^^^^^^^^^^^^^^^^ help: must be of the form: `#[unstable(feature = "name", reason = "...", issue = "N")]`
[INFO] [stdout] 
[INFO] [stdout] 
[INFO] [stdout] error: malformed `unstable` attribute input
[INFO] [stdout]    --> src/set.rs:380:5
[INFO] [stdout]     |
[INFO] [stdout] 380 |     #[unstable = "matches collection reform specification, waiting for dust to settle"]
[INFO] [stdout]     |     ^^^^^^^^^^^^^^^^^^^^^^^^^^^^^^^^^^^^^^^^^^^^^^^^^^^^^^^^^^^^^^^^^^^^^^^^^^^^^^^^^^^ help: must be of the form: `#[unstable(feature = "name", reason = "...", issue = "N")]`
[INFO] [stdout] 
[INFO] [stdout] 
[INFO] [stdout] error: malformed `unstable` attribute input
[INFO] [stdout]    --> src/set.rs:395:5
[INFO] [stdout]     |
[INFO] [stdout] 395 |     #[unstable = "matches collection reform specification, waiting for dust to settle"]
[INFO] [stdout]     |     ^^^^^^^^^^^^^^^^^^^^^^^^^^^^^^^^^^^^^^^^^^^^^^^^^^^^^^^^^^^^^^^^^^^^^^^^^^^^^^^^^^^ help: must be of the form: `#[unstable(feature = "name", reason = "...", issue = "N")]`
[INFO] [stdout] 
[INFO] [stdout] 
[INFO] [stdout] error: malformed `unstable` attribute input
[INFO] [stdout]    --> src/set.rs:411:5
[INFO] [stdout]     |
[INFO] [stdout] 411 |     #[unstable = "matches collection reform specification, waiting for dust to settle"]
[INFO] [stdout]     |     ^^^^^^^^^^^^^^^^^^^^^^^^^^^^^^^^^^^^^^^^^^^^^^^^^^^^^^^^^^^^^^^^^^^^^^^^^^^^^^^^^^^ help: must be of the form: `#[unstable(feature = "name", reason = "...", issue = "N")]`
[INFO] [stdout] 
[INFO] [stdout] 
[INFO] [stdout] error: malformed `unstable` attribute input
[INFO] [stdout]    --> src/set.rs:430:5
[INFO] [stdout]     |
[INFO] [stdout] 430 |     #[unstable = "matches collection reform specification, waiting for dust to settle"]
[INFO] [stdout]     |     ^^^^^^^^^^^^^^^^^^^^^^^^^^^^^^^^^^^^^^^^^^^^^^^^^^^^^^^^^^^^^^^^^^^^^^^^^^^^^^^^^^^ help: must be of the form: `#[unstable(feature = "name", reason = "...", issue = "N")]`
[INFO] [stdout] 
[INFO] [stdout] 
[INFO] [stdout] error: malformed `unstable` attribute input
[INFO] [stdout]    --> src/set.rs:454:5
[INFO] [stdout]     |
[INFO] [stdout] 454 |     #[unstable = "matches collection reform specification, waiting for dust to settle"]
[INFO] [stdout]     |     ^^^^^^^^^^^^^^^^^^^^^^^^^^^^^^^^^^^^^^^^^^^^^^^^^^^^^^^^^^^^^^^^^^^^^^^^^^^^^^^^^^^ help: must be of the form: `#[unstable(feature = "name", reason = "...", issue = "N")]`
[INFO] [stdout] 
[INFO] [stdout] 
[INFO] [stdout] error: malformed `unstable` attribute input
[INFO] [stdout]    --> src/set.rs:475:5
[INFO] [stdout]     |
[INFO] [stdout] 475 |     #[unstable = "matches collection reform specification, waiting for dust to settle"]
[INFO] [stdout]     |     ^^^^^^^^^^^^^^^^^^^^^^^^^^^^^^^^^^^^^^^^^^^^^^^^^^^^^^^^^^^^^^^^^^^^^^^^^^^^^^^^^^^ help: must be of the form: `#[unstable(feature = "name", reason = "...", issue = "N")]`
[INFO] [stdout] 
[INFO] [stdout] 
[INFO] [stdout] error: malformed `unstable` attribute input
[INFO] [stdout]    --> src/set.rs:520:5
[INFO] [stdout]     |
[INFO] [stdout] 520 |     #[unstable = "matches collection reform specification, waiting for dust to settle"]
[INFO] [stdout]     |     ^^^^^^^^^^^^^^^^^^^^^^^^^^^^^^^^^^^^^^^^^^^^^^^^^^^^^^^^^^^^^^^^^^^^^^^^^^^^^^^^^^^ help: must be of the form: `#[unstable(feature = "name", reason = "...", issue = "N")]`
[INFO] [stdout] 
[INFO] [stdout] 
[INFO] [stdout] error: malformed `unstable` attribute input
[INFO] [stdout]    --> src/set.rs:540:5
[INFO] [stdout]     |
[INFO] [stdout] 540 |     #[unstable = "matches collection reform specification, waiting for dust to settle"]
[INFO] [stdout]     |     ^^^^^^^^^^^^^^^^^^^^^^^^^^^^^^^^^^^^^^^^^^^^^^^^^^^^^^^^^^^^^^^^^^^^^^^^^^^^^^^^^^^ help: must be of the form: `#[unstable(feature = "name", reason = "...", issue = "N")]`
[INFO] [stdout] 
[INFO] [stdout] 
[INFO] [stdout] error: malformed `unstable` attribute input
[INFO] [stdout]    --> src/set.rs:562:5
[INFO] [stdout]     |
[INFO] [stdout] 562 |     #[unstable = "matches collection reform specification, waiting for dust to settle"]
[INFO] [stdout]     |     ^^^^^^^^^^^^^^^^^^^^^^^^^^^^^^^^^^^^^^^^^^^^^^^^^^^^^^^^^^^^^^^^^^^^^^^^^^^^^^^^^^^ help: must be of the form: `#[unstable(feature = "name", reason = "...", issue = "N")]`
[INFO] [stdout] 
[INFO] [stdout] 
[INFO] [stdout] error: malformed `unstable` attribute input
[INFO] [stdout]    --> src/set.rs:698:1
[INFO] [stdout]     |
[INFO] [stdout] 698 | #[unstable = "matches collection reform specification, waiting for dust to settle"]
[INFO] [stdout]     | ^^^^^^^^^^^^^^^^^^^^^^^^^^^^^^^^^^^^^^^^^^^^^^^^^^^^^^^^^^^^^^^^^^^^^^^^^^^^^^^^^^^ help: must be of the form: `#[unstable(feature = "name", reason = "...", issue = "N")]`
[INFO] [stdout] 
[INFO] [stdout] 
[INFO] [stdout] error: malformed `unstable` attribute input
[INFO] [stdout]    --> src/set.rs:726:1
[INFO] [stdout]     |
[INFO] [stdout] 726 | #[unstable = "matches collection reform specification, waiting for dust to settle"]
[INFO] [stdout]     | ^^^^^^^^^^^^^^^^^^^^^^^^^^^^^^^^^^^^^^^^^^^^^^^^^^^^^^^^^^^^^^^^^^^^^^^^^^^^^^^^^^^ help: must be of the form: `#[unstable(feature = "name", reason = "...", issue = "N")]`
[INFO] [stdout] 
[INFO] [stdout] 
[INFO] [stdout] error: malformed `unstable` attribute input
[INFO] [stdout]    --> src/set.rs:754:1
[INFO] [stdout]     |
[INFO] [stdout] 754 | #[unstable = "matches collection reform specification, waiting for dust to settle"]
[INFO] [stdout]     | ^^^^^^^^^^^^^^^^^^^^^^^^^^^^^^^^^^^^^^^^^^^^^^^^^^^^^^^^^^^^^^^^^^^^^^^^^^^^^^^^^^^ help: must be of the form: `#[unstable(feature = "name", reason = "...", issue = "N")]`
[INFO] [stdout] 
[INFO] [stdout] 
[INFO] [stdout] error: malformed `unstable` attribute input
[INFO] [stdout]    --> src/set.rs:782:1
[INFO] [stdout]     |
[INFO] [stdout] 782 | #[unstable = "matches collection reform specification, waiting for dust to settle"]
[INFO] [stdout]     | ^^^^^^^^^^^^^^^^^^^^^^^^^^^^^^^^^^^^^^^^^^^^^^^^^^^^^^^^^^^^^^^^^^^^^^^^^^^^^^^^^^^ help: must be of the form: `#[unstable(feature = "name", reason = "...", issue = "N")]`
[INFO] [stdout] 
[INFO] [stdout] 
[INFO] [stdout] error[E0433]: failed to resolve: could not find `order` in `iter`
[INFO] [stdout]    --> src/map.rs:146:15
[INFO] [stdout]     |
[INFO] [stdout] 146 |         iter::order::partial_cmp(self.iter(), other.iter())
[INFO] [stdout]     |               ^^^^^ could not find `order` in `iter`
[INFO] [stdout] 
[INFO] [stdout] 
[INFO] [stdout] error[E0433]: failed to resolve: could not find `order` in `iter`
[INFO] [stdout]    --> src/map.rs:154:15
[INFO] [stdout]     |
[INFO] [stdout] 154 |         iter::order::cmp(self.iter(), other.iter())
[INFO] [stdout]     |               ^^^^^ could not find `order` in `iter`
[INFO] [stdout] 
[INFO] [stdout] 
[INFO] [stdout] error[E0433]: failed to resolve: could not find `order` in `iter`
[INFO] [stdout]    --> src/set.rs:102:15
[INFO] [stdout]     |
[INFO] [stdout] 102 |         iter::order::cmp(self.iter(), other.iter())
[INFO] [stdout]     |               ^^^^^ could not find `order` in `iter`
[INFO] [stdout] 
[INFO] [stdout] 
[INFO] [stdout] warning: use of deprecated macro `try`: use the `?` operator instead
[INFO] [stdout]    --> src/map.rs:160:9
[INFO] [stdout]     |
[INFO] [stdout] 160 |         try!(write!(f, "{{"));
[INFO] [stdout]     |         ^^^
[INFO] [stdout]     |
[INFO] [stdout]     = note: `#[warn(deprecated)]` on by default
[INFO] [stdout] 
[INFO] [stdout] 
[INFO] [stdout] warning: use of deprecated macro `try`: use the `?` operator instead
[INFO] [stdout]    --> src/map.rs:163:25
[INFO] [stdout]     |
[INFO] [stdout] 163 |             if i != 0 { try!(write!(f, ", ")); }
[INFO] [stdout]     |                         ^^^
[INFO] [stdout] 
[INFO] [stdout] 
[INFO] [stdout] warning: use of deprecated macro `try`: use the `?` operator instead
[INFO] [stdout]    --> src/map.rs:164:13
[INFO] [stdout]     |
[INFO] [stdout] 164 |             try!(write!(f, "{:?}: {:?}", *k, *v));
[INFO] [stdout]     |             ^^^
[INFO] [stdout] 
[INFO] [stdout] 
[INFO] [stdout] warning: use of deprecated macro `try`: use the `?` operator instead
[INFO] [stdout]    --> src/set.rs:108:9
[INFO] [stdout]     |
[INFO] [stdout] 108 |         try!(write!(f, "{{"));
[INFO] [stdout]     |         ^^^
[INFO] [stdout] 
[INFO] [stdout] 
[INFO] [stdout] warning: use of deprecated macro `try`: use the `?` operator instead
[INFO] [stdout]    --> src/set.rs:111:25
[INFO] [stdout]     |
[INFO] [stdout] 111 |             if i != 0 { try!(write!(f, ", ")); }
[INFO] [stdout]     |                         ^^^
[INFO] [stdout] 
[INFO] [stdout] 
[INFO] [stdout] warning: use of deprecated macro `try`: use the `?` operator instead
[INFO] [stdout]    --> src/set.rs:112:13
[INFO] [stdout]     |
[INFO] [stdout] 112 |             try!(write!(f, "{:?}", *x));
[INFO] [stdout]     |             ^^^
[INFO] [stdout] 
[INFO] [stdout] 
[INFO] [stdout] error[E0734]: stability attributes may not be used outside of the standard library
[INFO] [stdout]    --> src/map.rs:200:5
[INFO] [stdout]     |
[INFO] [stdout] 200 |     #[unstable = "matches collection reform specification, waiting for dust to settle"]
[INFO] [stdout]     |     ^^^^^^^^^^^^^^^^^^^^^^^^^^^^^^^^^^^^^^^^^^^^^^^^^^^^^^^^^^^^^^^^^^^^^^^^^^^^^^^^^^^
[INFO] [stdout] 
[INFO] [stdout] 
[INFO] [stdout] error[E0734]: stability attributes may not be used outside of the standard library
[INFO] [stdout]    --> src/map.rs:229:5
[INFO] [stdout]     |
[INFO] [stdout] 229 |     #[unstable = "matches collection reform specification, waiting for dust to settle"]
[INFO] [stdout]     |     ^^^^^^^^^^^^^^^^^^^^^^^^^^^^^^^^^^^^^^^^^^^^^^^^^^^^^^^^^^^^^^^^^^^^^^^^^^^^^^^^^^^
[INFO] [stdout] 
[INFO] [stdout] 
[INFO] [stdout] error[E0734]: stability attributes may not be used outside of the standard library
[INFO] [stdout]    --> src/map.rs:254:5
[INFO] [stdout]     |
[INFO] [stdout] 254 |     #[unstable = "matches collection reform specification, waiting for dust to settle"]
[INFO] [stdout]     |     ^^^^^^^^^^^^^^^^^^^^^^^^^^^^^^^^^^^^^^^^^^^^^^^^^^^^^^^^^^^^^^^^^^^^^^^^^^^^^^^^^^^
[INFO] [stdout] 
[INFO] [stdout] 
[INFO] [stdout] error[E0734]: stability attributes may not be used outside of the standard library
[INFO] [stdout]    --> src/map.rs:278:5
[INFO] [stdout]     |
[INFO] [stdout] 278 |     #[unstable = "matches collection reform specification, waiting for dust to settle"]
[INFO] [stdout]     |     ^^^^^^^^^^^^^^^^^^^^^^^^^^^^^^^^^^^^^^^^^^^^^^^^^^^^^^^^^^^^^^^^^^^^^^^^^^^^^^^^^^^
[INFO] [stdout] 
[INFO] [stdout] 
[INFO] [stdout] error[E0734]: stability attributes may not be used outside of the standard library
[INFO] [stdout]    --> src/map.rs:330:5
[INFO] [stdout]     |
[INFO] [stdout] 330 |     #[unstable = "matches collection reform specification, waiting for dust to settle"]
[INFO] [stdout]     |     ^^^^^^^^^^^^^^^^^^^^^^^^^^^^^^^^^^^^^^^^^^^^^^^^^^^^^^^^^^^^^^^^^^^^^^^^^^^^^^^^^^^
[INFO] [stdout] 
[INFO] [stdout] 
[INFO] [stdout] error[E0734]: stability attributes may not be used outside of the standard library
[INFO] [stdout]    --> src/map.rs:381:5
[INFO] [stdout]     |
[INFO] [stdout] 381 |     #[unstable = "matches collection reform specification, waiting for dust to settle"]
[INFO] [stdout]     |     ^^^^^^^^^^^^^^^^^^^^^^^^^^^^^^^^^^^^^^^^^^^^^^^^^^^^^^^^^^^^^^^^^^^^^^^^^^^^^^^^^^^
[INFO] [stdout] 
[INFO] [stdout] 
[INFO] [stdout] error[E0734]: stability attributes may not be used outside of the standard library
[INFO] [stdout]    --> src/map.rs:406:5
[INFO] [stdout]     |
[INFO] [stdout] 406 |     #[unstable = "matches collection reform specification, waiting for dust to settle"]
[INFO] [stdout]     |     ^^^^^^^^^^^^^^^^^^^^^^^^^^^^^^^^^^^^^^^^^^^^^^^^^^^^^^^^^^^^^^^^^^^^^^^^^^^^^^^^^^^
[INFO] [stdout] 
[INFO] [stdout] 
[INFO] [stdout] error[E0734]: stability attributes may not be used outside of the standard library
[INFO] [stdout]    --> src/map.rs:421:5
[INFO] [stdout]     |
[INFO] [stdout] 421 |     #[unstable = "matches collection reform specification, waiting for dust to settle"]
[INFO] [stdout]     |     ^^^^^^^^^^^^^^^^^^^^^^^^^^^^^^^^^^^^^^^^^^^^^^^^^^^^^^^^^^^^^^^^^^^^^^^^^^^^^^^^^^^
[INFO] [stdout] 
[INFO] [stdout] 
[INFO] [stdout] error[E0734]: stability attributes may not be used outside of the standard library
[INFO] [stdout]    --> src/map.rs:437:5
[INFO] [stdout]     |
[INFO] [stdout] 437 |     #[unstable = "matches collection reform specification, waiting for dust to settle"]
[INFO] [stdout]     |     ^^^^^^^^^^^^^^^^^^^^^^^^^^^^^^^^^^^^^^^^^^^^^^^^^^^^^^^^^^^^^^^^^^^^^^^^^^^^^^^^^^^
[INFO] [stdout] 
[INFO] [stdout] 
[INFO] [stdout] error[E0734]: stability attributes may not be used outside of the standard library
[INFO] [stdout]    --> src/map.rs:459:5
[INFO] [stdout]     |
[INFO] [stdout] 459 |     #[unstable = "matches collection reform specification, waiting for dust to settle"]
[INFO] [stdout]     |     ^^^^^^^^^^^^^^^^^^^^^^^^^^^^^^^^^^^^^^^^^^^^^^^^^^^^^^^^^^^^^^^^^^^^^^^^^^^^^^^^^^^
[INFO] [stdout] 
[INFO] [stdout] 
[INFO] [stdout] error[E0734]: stability attributes may not be used outside of the standard library
[INFO] [stdout]    --> src/map.rs:488:5
[INFO] [stdout]     |
[INFO] [stdout] 488 |     #[unstable = "matches collection reform specification, waiting for dust to settle"]
[INFO] [stdout]     |     ^^^^^^^^^^^^^^^^^^^^^^^^^^^^^^^^^^^^^^^^^^^^^^^^^^^^^^^^^^^^^^^^^^^^^^^^^^^^^^^^^^^
[INFO] [stdout] 
[INFO] [stdout] 
[INFO] [stdout] error[E0734]: stability attributes may not be used outside of the standard library
[INFO] [stdout]    --> src/map.rs:514:5
[INFO] [stdout]     |
[INFO] [stdout] 514 |     #[unstable = "matches collection reform specification, waiting for dust to settle"]
[INFO] [stdout]     |     ^^^^^^^^^^^^^^^^^^^^^^^^^^^^^^^^^^^^^^^^^^^^^^^^^^^^^^^^^^^^^^^^^^^^^^^^^^^^^^^^^^^
[INFO] [stdout] 
[INFO] [stdout] 
[INFO] [stdout] error[E0734]: stability attributes may not be used outside of the standard library
[INFO] [stdout]    --> src/map.rs:543:5
[INFO] [stdout]     |
[INFO] [stdout] 543 |     #[unstable = "matches collection reform specification, waiting for dust to settle"]
[INFO] [stdout]     |     ^^^^^^^^^^^^^^^^^^^^^^^^^^^^^^^^^^^^^^^^^^^^^^^^^^^^^^^^^^^^^^^^^^^^^^^^^^^^^^^^^^^
[INFO] [stdout] 
[INFO] [stdout] 
[INFO] [stdout] error[E0734]: stability attributes may not be used outside of the standard library
[INFO] [stdout]    --> src/map.rs:566:5
[INFO] [stdout]     |
[INFO] [stdout] 566 |     #[unstable = "matches collection reform specification, waiting for dust to settle"]
[INFO] [stdout]     |     ^^^^^^^^^^^^^^^^^^^^^^^^^^^^^^^^^^^^^^^^^^^^^^^^^^^^^^^^^^^^^^^^^^^^^^^^^^^^^^^^^^^
[INFO] [stdout] 
[INFO] [stdout] 
[INFO] [stdout] error[E0734]: stability attributes may not be used outside of the standard library
[INFO] [stdout]    --> src/set.rs:134:5
[INFO] [stdout]     |
[INFO] [stdout] 134 |     #[unstable = "matches collection reform specification, waiting for dust to settle"]
[INFO] [stdout]     |     ^^^^^^^^^^^^^^^^^^^^^^^^^^^^^^^^^^^^^^^^^^^^^^^^^^^^^^^^^^^^^^^^^^^^^^^^^^^^^^^^^^^
[INFO] [stdout] 
[INFO] [stdout] 
[INFO] [stdout] error[E0734]: stability attributes may not be used outside of the standard library
[INFO] [stdout]    --> src/set.rs:161:5
[INFO] [stdout]     |
[INFO] [stdout] 161 |     #[unstable = "matches collection reform specification, waiting for dust to settle"]
[INFO] [stdout]     |     ^^^^^^^^^^^^^^^^^^^^^^^^^^^^^^^^^^^^^^^^^^^^^^^^^^^^^^^^^^^^^^^^^^^^^^^^^^^^^^^^^^^
[INFO] [stdout] 
[INFO] [stdout] 
[INFO] [stdout] error[E0734]: stability attributes may not be used outside of the standard library
[INFO] [stdout]    --> src/set.rs:198:5
[INFO] [stdout]     |
[INFO] [stdout] 198 |     #[unstable = "matches collection reform specification, waiting for dust to settle"]
[INFO] [stdout]     |     ^^^^^^^^^^^^^^^^^^^^^^^^^^^^^^^^^^^^^^^^^^^^^^^^^^^^^^^^^^^^^^^^^^^^^^^^^^^^^^^^^^^
[INFO] [stdout] 
[INFO] [stdout] 
[INFO] [stdout] error[E0734]: stability attributes may not be used outside of the standard library
[INFO] [stdout]    --> src/set.rs:266:5
[INFO] [stdout]     |
[INFO] [stdout] 266 |     #[unstable = "matches collection reform specification, waiting for dust to settle"]
[INFO] [stdout]     |     ^^^^^^^^^^^^^^^^^^^^^^^^^^^^^^^^^^^^^^^^^^^^^^^^^^^^^^^^^^^^^^^^^^^^^^^^^^^^^^^^^^^
[INFO] [stdout] 
[INFO] [stdout] 
[INFO] [stdout] error[E0734]: stability attributes may not be used outside of the standard library
[INFO] [stdout]    --> src/set.rs:298:5
[INFO] [stdout]     |
[INFO] [stdout] 298 |     #[unstable = "matches collection reform specification, waiting for dust to settle"]
[INFO] [stdout]     |     ^^^^^^^^^^^^^^^^^^^^^^^^^^^^^^^^^^^^^^^^^^^^^^^^^^^^^^^^^^^^^^^^^^^^^^^^^^^^^^^^^^^
[INFO] [stdout] 
[INFO] [stdout] 
[INFO] [stdout] error[E0734]: stability attributes may not be used outside of the standard library
[INFO] [stdout]    --> src/set.rs:327:5
[INFO] [stdout]     |
[INFO] [stdout] 327 |     #[unstable = "matches collection reform specification, waiting for dust to settle"]
[INFO] [stdout]     |     ^^^^^^^^^^^^^^^^^^^^^^^^^^^^^^^^^^^^^^^^^^^^^^^^^^^^^^^^^^^^^^^^^^^^^^^^^^^^^^^^^^^
[INFO] [stdout] 
[INFO] [stdout] 
[INFO] [stdout] error[E0734]: stability attributes may not be used outside of the standard library
[INFO] [stdout]    --> src/set.rs:356:5
[INFO] [stdout]     |
[INFO] [stdout] 356 |     #[unstable = "matches collection reform specification, waiting for dust to settle"]
[INFO] [stdout]     |     ^^^^^^^^^^^^^^^^^^^^^^^^^^^^^^^^^^^^^^^^^^^^^^^^^^^^^^^^^^^^^^^^^^^^^^^^^^^^^^^^^^^
[INFO] [stdout] 
[INFO] [stdout] 
[INFO] [stdout] error[E0734]: stability attributes may not be used outside of the standard library
[INFO] [stdout]    --> src/set.rs:380:5
[INFO] [stdout]     |
[INFO] [stdout] 380 |     #[unstable = "matches collection reform specification, waiting for dust to settle"]
[INFO] [stdout]     |     ^^^^^^^^^^^^^^^^^^^^^^^^^^^^^^^^^^^^^^^^^^^^^^^^^^^^^^^^^^^^^^^^^^^^^^^^^^^^^^^^^^^
[INFO] [stdout] 
[INFO] [stdout] 
[INFO] [stdout] error[E0734]: stability attributes may not be used outside of the standard library
[INFO] [stdout]    --> src/set.rs:395:5
[INFO] [stdout]     |
[INFO] [stdout] 395 |     #[unstable = "matches collection reform specification, waiting for dust to settle"]
[INFO] [stdout]     |     ^^^^^^^^^^^^^^^^^^^^^^^^^^^^^^^^^^^^^^^^^^^^^^^^^^^^^^^^^^^^^^^^^^^^^^^^^^^^^^^^^^^
[INFO] [stdout] 
[INFO] [stdout] 
[INFO] [stdout] error[E0734]: stability attributes may not be used outside of the standard library
[INFO] [stdout]    --> src/set.rs:411:5
[INFO] [stdout]     |
[INFO] [stdout] 411 |     #[unstable = "matches collection reform specification, waiting for dust to settle"]
[INFO] [stdout]     |     ^^^^^^^^^^^^^^^^^^^^^^^^^^^^^^^^^^^^^^^^^^^^^^^^^^^^^^^^^^^^^^^^^^^^^^^^^^^^^^^^^^^
[INFO] [stdout] 
[INFO] [stdout] 
[INFO] [stdout] error[E0734]: stability attributes may not be used outside of the standard library
[INFO] [stdout]    --> src/set.rs:430:5
[INFO] [stdout]     |
[INFO] [stdout] 430 |     #[unstable = "matches collection reform specification, waiting for dust to settle"]
[INFO] [stdout]     |     ^^^^^^^^^^^^^^^^^^^^^^^^^^^^^^^^^^^^^^^^^^^^^^^^^^^^^^^^^^^^^^^^^^^^^^^^^^^^^^^^^^^
[INFO] [stdout] 
[INFO] [stdout] 
[INFO] [stdout] error[E0734]: stability attributes may not be used outside of the standard library
[INFO] [stdout]    --> src/set.rs:454:5
[INFO] [stdout]     |
[INFO] [stdout] 454 |     #[unstable = "matches collection reform specification, waiting for dust to settle"]
[INFO] [stdout]     |     ^^^^^^^^^^^^^^^^^^^^^^^^^^^^^^^^^^^^^^^^^^^^^^^^^^^^^^^^^^^^^^^^^^^^^^^^^^^^^^^^^^^
[INFO] [stdout] 
[INFO] [stdout] 
[INFO] [stdout] error[E0734]: stability attributes may not be used outside of the standard library
[INFO] [stdout]    --> src/set.rs:475:5
[INFO] [stdout]     |
[INFO] [stdout] 475 |     #[unstable = "matches collection reform specification, waiting for dust to settle"]
[INFO] [stdout]     |     ^^^^^^^^^^^^^^^^^^^^^^^^^^^^^^^^^^^^^^^^^^^^^^^^^^^^^^^^^^^^^^^^^^^^^^^^^^^^^^^^^^^
[INFO] [stdout] 
[INFO] [stdout] 
[INFO] [stdout] error[E0734]: stability attributes may not be used outside of the standard library
[INFO] [stdout]    --> src/set.rs:520:5
[INFO] [stdout]     |
[INFO] [stdout] 520 |     #[unstable = "matches collection reform specification, waiting for dust to settle"]
[INFO] [stdout]     |     ^^^^^^^^^^^^^^^^^^^^^^^^^^^^^^^^^^^^^^^^^^^^^^^^^^^^^^^^^^^^^^^^^^^^^^^^^^^^^^^^^^^
[INFO] [stdout] 
[INFO] [stdout] 
[INFO] [stdout] error[E0734]: stability attributes may not be used outside of the standard library
[INFO] [stdout]    --> src/set.rs:540:5
[INFO] [stdout]     |
[INFO] [stdout] 540 |     #[unstable = "matches collection reform specification, waiting for dust to settle"]
[INFO] [stdout]     |     ^^^^^^^^^^^^^^^^^^^^^^^^^^^^^^^^^^^^^^^^^^^^^^^^^^^^^^^^^^^^^^^^^^^^^^^^^^^^^^^^^^^
[INFO] [stdout] 
[INFO] [stdout] 
[INFO] [stdout] error[E0734]: stability attributes may not be used outside of the standard library
[INFO] [stdout]    --> src/set.rs:562:5
[INFO] [stdout]     |
[INFO] [stdout] 562 |     #[unstable = "matches collection reform specification, waiting for dust to settle"]
[INFO] [stdout]     |     ^^^^^^^^^^^^^^^^^^^^^^^^^^^^^^^^^^^^^^^^^^^^^^^^^^^^^^^^^^^^^^^^^^^^^^^^^^^^^^^^^^^
[INFO] [stdout] 
[INFO] [stdout] 
[INFO] [stdout] error[E0734]: stability attributes may not be used outside of the standard library
[INFO] [stdout]    --> src/set.rs:698:1
[INFO] [stdout]     |
[INFO] [stdout] 698 | #[unstable = "matches collection reform specification, waiting for dust to settle"]
[INFO] [stdout]     | ^^^^^^^^^^^^^^^^^^^^^^^^^^^^^^^^^^^^^^^^^^^^^^^^^^^^^^^^^^^^^^^^^^^^^^^^^^^^^^^^^^^
[INFO] [stdout] 
[INFO] [stdout] 
[INFO] [stdout] error[E0734]: stability attributes may not be used outside of the standard library
[INFO] [stdout]    --> src/set.rs:726:1
[INFO] [stdout]     |
[INFO] [stdout] 726 | #[unstable = "matches collection reform specification, waiting for dust to settle"]
[INFO] [stdout]     | ^^^^^^^^^^^^^^^^^^^^^^^^^^^^^^^^^^^^^^^^^^^^^^^^^^^^^^^^^^^^^^^^^^^^^^^^^^^^^^^^^^^
[INFO] [stdout] 
[INFO] [stdout] 
[INFO] [stdout] error[E0734]: stability attributes may not be used outside of the standard library
[INFO] [stdout]    --> src/set.rs:754:1
[INFO] [stdout]     |
[INFO] [stdout] 754 | #[unstable = "matches collection reform specification, waiting for dust to settle"]
[INFO] [stdout]     | ^^^^^^^^^^^^^^^^^^^^^^^^^^^^^^^^^^^^^^^^^^^^^^^^^^^^^^^^^^^^^^^^^^^^^^^^^^^^^^^^^^^
[INFO] [stdout] 
[INFO] [stdout] 
[INFO] [stdout] error[E0734]: stability attributes may not be used outside of the standard library
[INFO] [stdout]    --> src/set.rs:782:1
[INFO] [stdout]     |
[INFO] [stdout] 782 | #[unstable = "matches collection reform specification, waiting for dust to settle"]
[INFO] [stdout]     | ^^^^^^^^^^^^^^^^^^^^^^^^^^^^^^^^^^^^^^^^^^^^^^^^^^^^^^^^^^^^^^^^^^^^^^^^^^^^^^^^^^^
[INFO] [stdout] 
[INFO] [stdout] 
[INFO] [stdout] error[E0053]: method `index` has an incompatible type for trait
[INFO] [stdout]    --> src/map.rs:179:24
[INFO] [stdout]     |
[INFO] [stdout] 176 | impl<K, V, C, Q: ?Sized> ops::Index<Q> for TreeMap<K, V, C> where C: Compare<K> + Compare<Q, K> {
[INFO] [stdout]     |               - this type parameter
[INFO] [stdout] ...
[INFO] [stdout] 179 |     fn index(&self, i: &Q) -> &V {
[INFO] [stdout]     |                        ^^
[INFO] [stdout]     |                        |
[INFO] [stdout]     |                        expected type parameter `Q`, found `&Q`
[INFO] [stdout]     |                        help: change the parameter type to match the trait: `Q`
[INFO] [stdout]     |
[INFO] [stdout]     = note: expected fn pointer `fn(&TreeMap<K, V, C>, Q) -> &V`
[INFO] [stdout]                found fn pointer `fn(&TreeMap<K, V, C>, &Q) -> &V`
[INFO] [stdout] 
[INFO] [stdout] 
[INFO] [stdout] error[E0053]: method `index_mut` has an incompatible type for trait
[INFO] [stdout]    --> src/map.rs:186:32
[INFO] [stdout]     |
[INFO] [stdout] 184 | impl<K, V, C, Q: ?Sized> ops::IndexMut<Q> for TreeMap<K, V, C> where C: Compare<K> + Compare<Q, K> {
[INFO] [stdout]     |               - this type parameter
[INFO] [stdout] 185 |     #[inline]
[INFO] [stdout] 186 |     fn index_mut(&mut self, i: &Q) -> &mut V {
[INFO] [stdout]     |                                ^^
[INFO] [stdout]     |                                |
[INFO] [stdout]     |                                expected type parameter `Q`, found `&Q`
[INFO] [stdout]     |                                help: change the parameter type to match the trait: `Q`
[INFO] [stdout]     |
[INFO] [stdout]     = note: expected fn pointer `fn(&mut TreeMap<K, V, C>, Q) -> &mut V`
[INFO] [stdout]                found fn pointer `fn(&mut TreeMap<K, V, C>, &Q) -> &mut V`
[INFO] [stdout] 
[INFO] [stdout] 
[INFO] [stdout] error: aborting due to 73 previous errors; 6 warnings emitted
[INFO] [stdout] 
[INFO] [stdout] 
[INFO] [stdout] Some errors have detailed explanations: E0053, E0433, E0734.
[INFO] [stdout] 
[INFO] [stdout] For more information about an error, try `rustc --explain E0053`.
[INFO] [stdout] 
[INFO] [stderr] error: could not compile `bst`
[INFO] [stderr] 
[INFO] [stderr] To learn more, run the command again with --verbose.
[INFO] running `Command { std: "docker" "inspect" "7b1ea02da483ed71140dac488aa5a6559096e191656a5e84aada4a9d5ec1095c", kill_on_drop: false }`
[INFO] running `Command { std: "docker" "rm" "-f" "7b1ea02da483ed71140dac488aa5a6559096e191656a5e84aada4a9d5ec1095c", kill_on_drop: false }`
[INFO] [stdout] 7b1ea02da483ed71140dac488aa5a6559096e191656a5e84aada4a9d5ec1095c
